-238
Let z(g) = 13*g**2 - 103*g + 216. Give z(6).
66
Let y(i) = -i**3 - 120*i**2 + 1197*i + 4779. Determine y(-129).
135
Let n(b) = 2*b**3 - 24*b**2 - 763*b + 5844. What is n(7)?
13
Let y(s) = s**3 + 81*s**2 + 1214*s - 66. Give y(-61).
300
Let n(x) = -21*x**2 + 10549*x - 3560. Give n(502).
-46
Let n(g) = -3268*g**2 - 19591*g + 139. Give n(-6).
37
Let g(o) = o**3 - 95*o**2 + 1712*o - 162769. Calculate g(95).
-129
Let s(p) = p**2 - 3116*p - 1845131. Calculate s(-509).
-6
Let p(a) = 636550*a - 2546188. Calculate p(4).
12
Let s(c) = 3*c**3 + 304*c**2 + 241*c + 14386. Calculate s(-101).
246
Let z(u) = -2*u**2 - 505*u - 21232. Give z(-53).
-85
Let k(m) = -m**2 - 139*m + 835. Give k(6).
-35
Let b(j) = 3*j**2 - 2872*j - 29036. Give b(-10).
-16
Let w(u) = 2*u**3 - 857*u**2 - 5398*u - 1097. Determine w(-6).
7
Let i(s) = s**2 - 163*s - 1877. Calculate i(174).
37
Let l(a) = -a**3 + 131*a**2 - 752*a + 257. What is l(125)?
7
Let i(s) = -470*s - 17238. Give i(-36).
-318
Let s(y) = 2297*y - 569643. Determine s(248).
13
Let a(n) = 3*n**3 - 52*n**2 + 169*n + 65. Give a(13).
65
Let b(l) = -l**3 - 58*l**2 - 120*l - 97. Determine b(-56).
351
Let p(x) = x**3 - 2*x**2 + 47*x - 1493. Calculate p(0).
-1493
Let n(q) = -4*q**2 + 683*q - 211. Determine n(169).
972
Let m(s) = 2*s**2 + 533192*s + 1066382. What is m(-2)?
6
Let w(u) = -1473*u + 285354. Determine w(194).
-408
Let b(i) = -i**3 + 14*i**2 + 182*i + 118. What is b(25)?
-2207
Let c(u) = u**3 - 365*u**2 + 253*u + 40392. Calculate c(364).
-12
Let w(x) = -11*x**2 + 312*x - 2505. Give w(8).
-713
Let v(u) = 14918*u - 387875. What is v(26)?
-7
Let f(k) = -36192*k - 977159. What is f(-27)?
25
Let m(p) = 6*p**3 - 3678*p**2 + 3681*p - 5513. Determine m(612).
-5
Let n(x) = 82*x**2 + 210*x - 832. Determine n(6).
3380
Let z(x) = 2*x**2 + 345*x - 34717. What is z(71)?
-140
Let h(s) = -42125*s - 42128. Calculate h(-1).
-3
Let l(j) = -779*j - 358312. Determine l(-460).
28
Let h(z) = 136119*z**2 + 8167139*z - 61. Determine h(-60).
-1
Let g(v) = -15767*v + 378444. Calculate g(24).
36
Let c(n) = 2*n**3 + 39*n**2 + 268*n + 3116. Determine c(-17).
5
Let f(q) = -4086*q + 52874. Determine f(13).
-244
Let f(j) = 176*j + 870. Calculate f(-13).
-1418
Let s(y) = -2*y**3 + 35*y**2 + 105*y + 881. Determine s(21).
-1
Let j(v) = 24*v**2 + 42938*v - 215282. Calculate j(5).
8
Let s(r) = -5*r**3 + 288*r**2 + 105*r + 122. Give s(58).
-516
Let k(z) = -333*z - 144171. Give k(-433).
18
Let l(r) = -119750*r + 2155513. Give l(18).
13
Let c(w) = -130*w**2 - 2087*w - 20. Determine c(-16).
92
Let n(t) = 16700*t + 116903. Calculate n(-7).
3
Let z(k) = 1178*k - 363957. Determine z(309).
45
Let l(u) = u**3 + 144*u**2 - 91*u - 13842. Determine l(-144).
-738
Let q(b) = b**3 + 96*b**2 + 286*b + 968. Give q(-93).
317
Let r(t) = -94534*t + 189064. Determine r(2).
-4
Let q(x) = -6*x**2 - 25*x - 401. Determine q(15).
-2126
Let v(z) = -24728*z + 1335296. Give v(54).
-16
Let o(g) = 6669*g + 119909. What is o(-18)?
-133
Let f(n) = -3*n**2 + 186*n - 148. What is f(61)?
35
Let z(j) = -2022*j - 72288. What is z(-37)?
2526
Let d(j) = 3*j**2 + 359*j - 5073. What is d(13)?
101
Let t(b) = -364*b - 1086. Give t(-3).
6
Let f(o) = 873*o**2 - 32302*o + 25. Calculate f(37).
-12
Let n(k) = 4*k**3 + 20*k**2 + 1266*k + 6323. Calculate n(-5).
-7
Let v(l) = l**3 - 15*l**2 + 158*l - 2425. What is v(15)?
-55
Let g(q) = -220*q**3 + 658*q**2 - 16*q + 69. What is g(3)?
3
Let m(f) = 2453*f - 33439. Give m(14).
903
Let p(k) = -507*k - 5884. Determine p(-7).
-2335
Let n(z) = -46*z**3 + 17*z**2 - 27*z - 124. What is n(-2)?
366
Let v(y) = -157*y**2 + 8*y - 12. Calculate v(-2).
-656
Let v(r) = -r**3 - 72*r**2 - 505*r + 91. Determine v(-8).
35
Let d(w) = -2*w**3 + 7*w**2 + 1993*w - 5455. What is d(32)?
-47
Let q(w) = 4704*w + 14351. Calculate q(-3).
239
Let w(l) = 2*l**3 - 20*l**2 - 116*l + 9. Give w(14).
-47
Let y(x) = -3*x**2 + 1623*x + 14859. What is y(-9)?
9
Let u(c) = -996070*c - 1992129. Calculate u(-2).
11
Let m(k) = -2*k**3 - 235*k**2 + 626*k + 1130. What is m(-120)?
-1990
Let n(q) = 1850736*q + 11104417. Determine n(-6).
1
Let p(t) = -t**3 - 78*t**2 - 843*t + 31. What is p(-13)?
5
Let m(g) = -3*g**3 + 305*g**2 + 73*g + 2961. Calculate m(102).
3
Let q(d) = -403*d + 7252. Give q(18).
-2
Let d(a) = -1999*a + 19463. Determine d(11).
-2526
Let z(g) = g**3 - 270*g**2 + 1058*g + 1425. What is z(266)?
-171
Let c(o) = -o**3 + 60*o**2 + 3068*o + 94. Calculate c(93).
1
Let o(y) = 28*y**2 - 4*y - 331. What is o(-5)?
389
Let b(k) = -5*k**2 + 253*k + 2462. Give b(59).
-16
Let i(m) = 218*m**2 - 96*m - 689. What is i(2)?
-9
Let i(b) = -5*b**2 - 264*b - 1986. Calculate i(-8).
-194
Let v(y) = 135*y**3 - 2*y**2 + 2*y + 11. Give v(-2).
-1081
Let c(z) = 2*z**3 - 21*z**2 - 138*z + 1241. Calculate c(12).
17
Let s(j) = 7*j**2 - 550*j - 263. Give s(79).
-26
Let a(c) = 6*c**2 - 4053*c + 51335. Give a(13).
-340
Let i(w) = 335*w - 1524. Determine i(6).
486
Let l(i) = 2*i**3 - 271*i**2 - 37487*i + 107. Give l(-85).
277
Let r(w) = 1179*w + 7058. Give r(-5).
1163
Let u(n) = -1029*n - 13582. Calculate u(-13).
-205
Let t(r) = -6198*r - 991730. What is t(-160)?
-50
Let g(t) = 4*t**3 - 22*t**2 + 2755*t - 10910. What is g(4)?
14
Let j(y) = 14*y**2 - 14818*y + 44427. What is j(3)?
99
Let j(o) = -o**3 + 153*o**2 + 9644*o + 728. Determine j(201).
-76
Let v(a) = 12*a**2 - 3474*a + 1733. Determine v(289).
-1
Let s(a) = -4*a**3 - 84*a**2 - 42*a - 883. Give s(-21).
-1
Let c(n) = -9891*n + 247531. Determine c(25).
256
Let y(g) = -300*g - 57508. Calculate y(-192).
92
Let u(g) = -5264*g + 10524. Determine u(2).
-4
Let i(b) = 13*b**3 + 671*b**2 - 249*b + 43. Determine i(-52).
-529
Let y(r) = 377*r - 54852. What is y(142)?
-1318
Let a(b) = -4231*b + 693905. Give a(164).
21
Let r(o) = 42*o**3 + 17*o**2 - 2*o. What is r(-2)?
-264
Let t(g) = 193785*g + 7. Determine t(0).
7
Let k(h) = 325*h - 5541. Determine k(16).
-341
Let o(l) = 2*l**3 + 19*l**2 - 11*l - 5. What is o(1)?
5
Let y(g) = g**3 + 41*g**2 + 317*g - 10. Determine y(-11).
133
Let k(b) = 1042*b**2 + 37562*b + 126. What is k(-36)?
-1674
Let n(s) = s**2 + 42*s - 13064. Calculate n(97).
419
Let s(p) = 40812*p + 82004. Determine s(-2).
380
Let i(z) = 2687*z**3 - 67172*z**2 - 82*z + 146. Calculate i(25).
-29
Let i(r) = 2*r**2 + 107311*r - 965970. What is i(9)?
-9
Let g(f) = -35*f**3 - 1890*f**2 + 8118*f - 108. Give g(-58).
8
Let w(h) = -2951*h + 926788. Determine w(314).
174
Let j(h) = h**2 + 14*h - 413. Calculate j(-32).
163
Let d(w) = 53*w**2 - 236*w - 346. Give d(7).
599
Let m(h) = -h**3 + 65*h**2 - 5*h + 4830. Calculate m(66).
144
Let s(x) = 472*x - 6685. Determine s(15).
395
Let h(d) = 39*d**2 + 1617*d + 4839. Give h(-3).
339
Let i(y) = -y**3 - 467*y**2 - 16721*y - 12413. Determine i(-428).
-1
Let z(k) = -851*k**3 - 3*k**2 + 31*k + 35. Calculate z(-1).
852
Let q(r) = -8*r**2 - 3*r + 8776. What is q(-34)?
-370
Let w(k) = 14*k**2 - 2411*k + 23169. Determine w(162).
3
Let m(s) = 7*s**2 - 678*s + 9866. Calculate m(18).
-70
Let z(p) = 953*p**2 - 1905*p - 3. Determine z(2).
-1
Let w(n) = -n**3 - 35*n**2 + 242*n + 6856. Give w(-28).
-5408
Let p(y) = 10*y**2 + 623*y + 350. Give p(-61).
-443
Let g(v) = -v**3 - 77*v**2 - 594*v + 3. Determine g(-9).
-159
Let d(f) = -9*f**3 - 153*f**2 - 14*f - 189. What is d(-17)?
49
Let y(h) = 884396*h - 12381549. Calculate y(14).
-5
Let w(p) = 950*p + 201523. Calculate w(-212).
123
Let o(n) = -1314*n + 139353. What is o(106)?
69
Let u(h) = 3*h**2 - 856*h - 76745. Give u(357).
10
Let u(l) = 83*l**3 - 5932*l + 5933. Determine u(1).
84
Let o(g) = -6963*g + 165977. Give o(24).
-1135
Let n(o) = 3*o**2 - 816*o - 14733. Calculate n(-17).
6
Let u(f) = 2*f**3 - 23*f**2 - 4*f + 106. Give u(0).
106
Let i(j) = -11253*j - 179904. Give i(-16).
144
Let a(p) = 7*p**2 + 896*p + 1611. What is a(-125)?
-1014
Let o(w) = -17511*w - 280170. What is o(-16)?
6
Let y(i) = -70*i**2 + 2345*i + 6303. Give y(36).
3
Let z(f) = -f**3 + 64*f**2 - 274*f - 1434. What is z(59)?
-195
Let u(f) = 2969*f + 332543. Give u(-112).
15
Let v(y) = -y**2 - 6346*y - 1270767. What is v(-207)?
6
Let w(o) = -o**2 - 6001*o + 722257. Determine w(118).
215
Let f(p) = -2*p**3 - 9*p**2 - 2080*p - 8296. What is f(-4)?
8
Let l(a) = -21032*a + 757153. Give l(36).
1
Let l(j) = -285911*j - 10292791. Determine 